er when 50465 is divided by 467?
29
Calculate the remainder when 4343473 is divided by 101011.
0
What is the remainder when 2844579 is divided by 711028?
467
Calculate the remainder when 8810139 is divided by 1726.
635
Calculate the remainder when 25116 is divided by 22232.
2884
What is the remainder when 1135659 is divided by 1347?
138
What is the remainder when 919080 is divided by 2626?
2606
What is the remainder when 439084 is divided by 15109?
923
Calculate the remainder when 60512 is divided by 1785.
1607
Calculate the remainder when 22133664 is divided by 1438.
1406
Calculate the remainder when 2993612 is divided by 25.
12
What is the remainder when 45048 is divided by 18815?
7418
Calculate the remainder when 65477 is divided by 29650.
6177
What is the remainder when 176534 is divided by 135?
89
What is the remainder when 22880536 is divided by 174660?
76
Calculate the remainder when 287999 is divided by 5221.
844
What is the remainder when 4773904 is divided by 330?
124
Calculate the remainder when 4513374 is divided by 648.
54
What is the remainder when 4592923 is divided by 3698?
7
Calculate the remainder when 44202984 is divided by 171.
168
Calculate the remainder when 23237 is divided by 1109.
1057
What is the remainder when 12077939 is divided by 7?
6
Calculate the remainder when 1211434 is divided by 250.
184
Calculate the remainder when 154166 is divided by 5765.
4276
What is the remainder when 41659 is divided by 41590?
69
Calculate the remainder when 2560330 is divided by 14.
10
What is the remainder when 89152240 is divided by 3717?
3712
What is the remainder when 51651 is divided by 9985?
1726
Calculate the remainder when 1748857 is divided by 377.
331
What is the remainder when 218333 is divided by 29364?
12785
Calculate the remainder when 22315026 is divided by 13.
6
What is the remainder when 1113623 is divided by 556785?
53
Calculate the remainder when 82483 is divided by 2263.
1015
What is the remainder when 3628 is divided by 620?
528
Calculate the remainder when 80317 is divided by 78280.
2037
What is the remainder when 3647127 is divided by 396?
363
What is the remainder when 268935916 is divided by 4142?
4140
What is the remainder when 610934 is divided by 1516?
1502
What is the remainder when 2162734 is divided by 2996?
2618
What is the remainder when 4168726 is divided by 73135?
31
Calculate the remainder when 32603 is divided by 32269.
334
Calculate the remainder when 18086093 is divided by 2260748.
109
Calculate the remainder when 60773 is divided by 2097.
2057
What is the remainder when 1765085 is divided by 32686?
41
Calculate the remainder when 744961 is divided by 386.
367
Calculate the remainder when 963068 is divided by 192455.
793
Calculate the remainder when 147828858 is divided by 516.
18
What is the remainder when 7341 is divided by 5937?
1404
Calculate the remainder when 2399926471 is divided by 279.
277
What is the remainder when 2349347 is divided by 587334?
11
What is the remainder when 5901586 is divided by 1463?
1307
What is the remainder when 139711 is divided by 1049?
194
Calculate the remainder when 99861 is divided by 152.
149
Calculate the remainder when 509648 is divided by 86.
12
Calculate the remainder when 68754 is divided by 13639.
559
Calculate the remainder when 1956069 is divided by 1600.
869
Calculate the remainder when 589061 is divided by 1491.
116
What is the remainder when 48269 is divided by 24125?
19
Calculate the remainder when 3682531 is divided by 2570.
2291
Calculate the remainder when 61161600 is divided by 1223232.
0
Calculate the remainder when 299278 is divided by 181.
85
Calculate the remainder when 5834287 is divided by 91.
4
What is the remainder when 733736 is divided by 36665?
436
Calculate the remainder when 33886 is divided by 8289.
730
Calculate the remainder when 14266 is divided by 171.
73
Calculate the remainder when 1583311 is divided by 3871.
72
Calculate the remainder when 267665 is divided by 877.
180
What is the remainder when 778404 is divided by 4799?
966
Calculate the remainder when 31837 is divided by 349.
78
Calculate the remainder when 919788 is divided by 427.
30
What is the remainder when 75568087 is divided by 37?
27
Calculate the remainder when 9341400 is divided by 849214.
46
What is the remainder when 1530519 is divided by 1807?
1797
Calculate the remainder when 9665251 is divided by 348.
247
Calculate the remainder when 433215869 is divided by 10167.
10166
Calculate the remainder when 14091315 is divided by 1818.
1815
Calculate the remainder when 27332 is divided by 4432.
740
Calculate the remainder when 4809164 is divided by 200381.
20
Calculate the remainder when 14761 is divided by 1823.
177
What is the remainder when 1943247 is divided by 1943240?
7
What is the remainder when 461818 is divided by 41950?
368
Calculate the remainder when 42664 is divided by 76.
28
Calculate the remainder when 9363710 is divided by 256.
254
Calculate the remainder when 341832 is divided by 660.
612
What is the remainder when 3294019 is divided by 20333?
73
What is the remainder when 3301790 is divided by 294?
170
Calculate the remainder when 318553 is divided by 192.
25
Calculate the remainder when 6172035 is divided by 395.
160
Calculate the remainder when 1009999 is divided by 369.
46
What is the remainder when 2953312 is divided by 120?
112
What is the remainder when 4197957 is divided by 14?
1
Calculate the remainder when 110323 is divided by 55084.
155
Calculate the remainder when 10653543 is divided by 819503.
4
Calculate the remainder when 152608 is divided by 152539.
69
Calculate the remainder when 677755 is divided by 677748.
7
What is the remainder when 1317650 is divided by 3198?
74
What is the remainder when 4363892 is divided by 1090949?
96
Calculate the remainder when 44597023 is divided by 99.
97
Calculate the remainder when 224023 is divided by 254.
249
What is the remainder when 167079 is divided by 23700?
1179
What is the remainder when 5514870 is divided by 262?
32
Calculate the remainder when 11187678 is divided by 280.
278
What is the remainder when 428596 is divided by 136?
60
What is the remainder when 84361 is divided by 4631?
1003
Calculate the remainder when 49117 is divided by 9186.
3187
Calculate the remainder when 13131329 is divided by 295.
289
What is the remainder when 65958 is divided by 2437?
159
What is the remainder when 28708546 is divided by 3189838?
4
What is the remainder when 100632 is divided by 25118?
160
Calculate the remainder when 93524 is divided by 90963.
2561
Calculate the remainder when 1314027 is divided by 143.
0
Calculate the remainder when 3014681 is divided by 5110.
4891
What is the remainder when 117589 is divided by 1793?
1044
What is the remainder when 10992231 is divided by 121?
107
What is the remainder when 76872 is divided by 4059?
3810
Calculate the remainder when 85633 is divided by 12177.
394
What is the remainder when 332182293 is divided by 162?
159
Calculate the remainder when 131723196 is divided by 37.
14
What is the remainder when 1448379 is divided by 78?
75
Calculate the remainder when 3143416 is divided by 260.
16
What is the remainder when 47155846 is divided by 769?
766
What is the remainder when 18063 is divided by 3141?
2358
What is the remainder when 296445160 is divided by 2869?
2866
What is the remainder when 8885247 is divided by 276?
255
Calculate the remainder when 1785040 is divided by 3368.
0
What is the remainder when 84069 is divided by 4898?
803
Calculate the remainder when 9871249 is divided by 459.
454
Calculate the remainder when 7732633 is divided by 1243.
1173
Calculate the remainder when 12771 is divided by 2485.
346
Calculate the remainder when 3190869 is divided by 2794.
121
Calculate the remainder when 5219367 is divided by 14.
13
What is the remainder when 45245 is divided by 21322?
2601
What is the remainder when 614394 is divided by 22743?
333
What is the remainder when 56069442 is divided by 149?
146
Calculate the remainder when 1060537 is divided by 11522.
513
What is the remainder when 449594 is divided by 49916?
350
Calculate the remainder when 1365874494 is divided by 224.
222
What is the remainder when 796989 is divided by 37?
9
Calculate the rem